p - 0)*1?
20
Suppose -4*l + g + 1271 = 0, -l + 3*g + 304 = -0*l. Calculate the remainder when l is divided by 46.
43
Let p(t) = -2*t + 9. Let f(g) = -g + 4. Let s = -4 + 8. Let n(c) = s*p(c) - 9*f(c). What is the remainder when 6 is divided by n(3)?
0
Let h = 169 + -115. Calculate the remainder when 155 is divided by h.
47
Let u(j) = -7*j**2 + 2*j. Let x(t) = 8*t**2 - 2*t + 1. Let a(f) = -5*u(f) - 4*x(f). What is the remainder when a(3) is divided by 6?
5
Suppose -4*h + 12*h = 176. Let s(b) = b**3 + 3*b**2 + 3*b. Calculate the remainder when s(3) is divided by h.
19
Suppose 4 = 2*o + 5*a - 7, -2*o + 3*a = -19. What is the remainder when (6/(-15))/(o/(-1040)) is divided by 18?
16
Let c be ((-6)/(-12))/((-2)/(-28)). Suppose 0 = -5*t + c*t - 10. What is the remainder when 2/8 + (-47)/(-4) is divided by t?
2
Suppose 0*x + 2*x = 3*k - 17, -30 = -5*k + 5*x. Suppose 3*y = 50 - k. What is the remainder when 118 is divided by y?
13
Let p(w) = -16*w - 196. Calculate the remainder when 108 is divided by p(-14).
24
Let p(c) = -c**3 + 15*c**2 + 8*c + 21. Calculate the remainder when p(15) is divided by 42.
15
Suppose 2*u + 1424 = 5*j, j + 560 = 3*j + 4*u. Calculate the remainder when j is divided by 35.
4
Suppose -11*w + 4133 - 1548 = 0. What is the remainder when w is divided by 113?
9
Suppose -26 = b - 54. What is the remainder when 122 is divided by b?
10
Calculate the remainder when 182 is divided by 0/17 + -2 + 65 + 6.
44
Let u be 178 + (5/4 - 15/(-20)). Suppose 5*w - u = -3*v, -3*w = -4*v - 17 - 62. Calculate the remainder when w is divided by 18.
15
Let b = -127 + 149. Calculate the remainder when 372 is divided by b.
20
Let r = 82 - 21. What is the remainder when r is divided by 18042/2046 - 4/(-22)?
7
Let q = -43 + 162. What is the remainder when q is divided by 40?
39
Suppose -3*m = 3, -3*k + 506 = 7*m - 12*m. What is the remainder when k is divided by 5?
2
Suppose -9*s + 10*s = 2. Calculate the remainder when 27 is divided by (8 - 15)/(s/(-4)).
13
Suppose 25*b = 30*b + 3*w - 41, 3*b + 4*w - 18 = 0. Let u(k) = 4*k. What is the remainder when b is divided by u(1)?
2
What is the remainder when 3/7 + ((-1989)/(-63) - -12) is divided by 7?
2
Let r(y) = y**2 + 7*y - 3 + 4 + 9. Let j be r(-13). Suppose 3*i - j = -i. Calculate the remainder when 86 is divided by i.
20
Suppose -212*j - 261 = -2*n - 215*j, -2*n + 281 = -j. Calculate the remainder when 547 is divided by n.
133
Suppose -100*n = -106*n - 264. Let r = 51 + n. Calculate the remainder when 24 is divided by r.
3
Let w be -2 + 0 + 13 + 0. Suppose 3*g + 0*g = 3*r - 111, -3*r + 2*g + 110 = 0. What is the remainder when r is divided by (-2 - w)/(0 - 1)?
10
Suppose 4*f - 560 = p, p - 751 + 191 = -4*f. What is the remainder when f is divided by 123?
17
Suppose -3*i - i = 2*g - 274, -3*i = 5*g - 209. What is the remainder when 334 is divided by i?
62
Let u be 1/(2 + (-6)/4). Suppose 6*p - 3*n - 24 = p, -4*n - 12 = 0. What is the remainder when 4 - u - -9 - 1 is divided by p?
1
Suppose 142 = 2*u + i, 2*u + 5*i - 8*i = 126. What is the remainder when 481 is divided by u?
67
Let f(o) = 8*o - 17. Let c be f(-4). Let w = 61 + c. Calculate the remainder when 69 is divided by w.
9
Let s(n) = -2*n**2 - 12*n - 1. What is the remainder when s(-5) is divided by 6?
3
Let f(t) = 5*t**2 - 4*t. Let a(z) = -z**3 - 3*z**2 + 1. Let d = 19 + -23. What is the remainder when f(3) is divided by a(d)?
16
Let b(s) = 3*s + 117. What is the remainder when b(12) is divided by 39?
36
Suppose 8*o = 4*o + 5*h + 139, -o - 3*h + 39 = 0. Let p(r) = -70*r**3 + 2*r**2 - 1. Calculate the remainder when p(-1) is divided by o.
35
Let t(x) = x**3 + 14*x**2 + x + 12. Let b be t(-14). Suppose -16 = 8*f - 4*f. Calculate the remainder when (42/f)/(1/b) is divided by 11.
10
Suppose -4 = -4*g + 12. Suppose 0*r = -5*s - 5*r, g*s - 9 = -r. Suppose -2*t + 80 = s*t. Calculate the remainder when 46 is divided by t.
14
What is the remainder when 92 is divided by (-2 - (-1 - 5)) + 18?
4
Let v(z) = -z + 346. What is the remainder when v(0) is divided by 39?
34
Calculate the remainder when 7 + (5 - -8) + -4 + -4 is divided by (-1)/((-2)/14) + 0.
5
Let z(h) = -h**2 + 3*h**3 - h**3 + h - h**3 + 0*h**2. Suppose 26 - 87 = -w. Calculate the remainder when w is divided by z(3).
19
Suppose n + 4*a = 23, 0*n = 4*n - 3*a + 3. Suppose d - n*d = -6, 2*p = 3*d + 9. What is the remainder when 11 is divided by p?
2
Let b be (11 + -10)/((-1)/(-29)). Suppose b*v + 115 = 34*v. Calculate the remainder when v is divided by 6.
5
Suppose m - 4 + 2 = 0. Let j = 39 - m. Calculate the remainder when j is divided by 50/15*6/2.
7
Let d(v) = v**2 + v + 2. Let h be d(-2). Suppose 0 = 5*i + 4*a - 82, 30 = -i + 4*i - h*a. What is the remainder when 124 is divided by i?
12
Suppose 3*s - 55 = -2*a + 2*s, -4*a + 115 = 3*s. Let b = -20 + a. Suppose -b*z = -363 - 22. What is the remainder when z is divided by 26?
25
Let w = 77 - 20. Suppose 5*g - w = -12. Suppose -g - 8 = -s. Calculate the remainder when s is divided by 9.
8
Let d = 4 + -1. Suppose 3 = v - d. Let g(o) = 2*o + 8. Calculate the remainder when 58 is divided by g(v).
18
Let b(w) = 26*w**3 + w**2. Suppose -10*u = 92 - 462. Suppose u = 5*p - 13. Calculate the remainder when b(1) is divided by p.
7
What is the remainder when (7 + 5/2)*10 is divided by 21?
11
What is the remainder when 21 is divided by (-156)/104 + (-62)/(-4)?
7
Suppose -2*b + 6*b - 1003 = 5*m, -3*m - 997 = -4*b. What is the remainder when b is divided by 63?
58
Suppose 65*v - 66*v = -13. What is the remainder when 167 is divided by v?
11
Let a be ((-16)/10)/(14/(-35)). Suppose 0 = a*q - 8*q + 620. Calculate the remainder when q is divided by 53.
49
Calculate the remainder when (-19)/(10 - (-781)/(-77)) is divided by 34.
31
Let g(k) be the second derivative of k**5/20 + 7*k**4/12 - k**3/2 - 8*k**2 + 4*k. Suppose 0 = 4*q + 9 + 19. Calculate the remainder when g(q) is divided by 2.
1
Let u(y) = 2*y**2 - 6*y - 268. Suppose -2*r + 7 = 5*o, 2*r = o - 4 - 7. What is the remainder when u(-12) is divided by -2 - (7*o)/(-1)?
16
Suppose 2*u + 38 = g, -g - 3*u = -29 - 14. Suppose 3*t + 34 = -2. Calculate the remainder when g is divided by 4 - (-4)/(t/(-51)).
19
Let n = -17 + 130. Let k = n + -71. Calculate the remainder when k is divided by 15.
12
Let n(a) = 2*a**2 - 8*a + 25. Calculate the remainder when n(7) is divided by 31.
5
Let m be (6/10)/(258/(-130) - -2). Suppose -10 = b - m. Calculate the remainder when 115 is divided by b.
28
Suppose -7 = 6*m - 37. What is the remainder when 34 is divided by m?
4
Suppose 0 = 9*o - 1071 + 126. Suppose h - o = 33. Calculate the remainder when h is divided by 20.
18
Let o = 12 - 5. Suppose 0 = 4*m + 3*f - 117, 5*m - 139 = -4*f + o. What is the remainder when (-40)/m - 73/(-3) is divided by 12?
11
Suppose 0 = -0*d + 4*d - 4. What is the remainder when 5 is divided by -7*(d - ((-135)/21)/(-5))?
1
Let q = -28 - -66. What is the remainder when 151 is divided by q?
37
Suppose 85*t - 1915 = 7010. Let w = -11 - -29. Calculate the remainder when t is divided by w.
15
Let m = 140 + -119. What is the remainder when 116 is divided by (m - (-9 + 4))/2?
12
Let r = 375 - 198. Calculate the remainder when r is divided by 26.
21
Suppose -p - 3 = 0, 4*c - p = 3*p + 16. Suppose -c = 5*u - 216. Calculate the remainder when u is divided by 15.
13
Suppose -19*a = -14*a - 100. Calculate the remainder when 59 is divided by a.
19
Let q be 7 + (-2 - -4)*-1. Let j = q + -10. Let b = 23 + j. What is the remainder when 69 is divided by b?
15
Let d = 31 - -68. Calculate the remainder when d is divided by 10.
9
Suppose -5*k = 6*k - 187. What is the remainder when 82 is divided by k?
14
Let v be (6/5)/((-12)/(-280)). Let u = -9 + v. Suppose 2*y + 18 = t, y = -0*t + t - u. Calculate the remainder when 77 is divided by t.
17
Let s(o) = -27*o + 21. What is the remainder when 383 is divided by s(-1)?
47
Suppose 5*r = 6*r + 10. Let w = 12 + r. Suppose h + w - 11 = -5*s, -3*s = -4*h + 13. Calculate the remainder when 2 is divided by s.
0
Suppose 2*r = 3*x + 50, 4*r + 3*x + 0*x - 64 = 0. Calculate the remainder when 568 is divided by r.
17
Let q = -26 + 31. Suppose 5*f - 1010 = -q*f. Calculate the remainder when f is divided by 21.
17
Let a = 9 + -12. Let o be (-224